{"id":3609,"date":"2023-03-24T09:48:45","date_gmt":"2023-03-24T08:48:45","guid":{"rendered":"https:\/\/www.cadooh.de\/?page_id=3609"},"modified":"2023-03-24T11:43:57","modified_gmt":"2023-03-24T10:43:57","slug":"geliftet-lifted","status":"publish","type":"page","link":"https:\/\/www.cadooh.de\/index.php\/geliftet-lifted\/","title":{"rendered":"geliftet &#8211; lifted"},"content":{"rendered":"<p>Wer Steigungs-Lm am Anfang einer Reihe oder Runde nicht besonders mag,<br \/>\nda sie doch oft das glatte Bild eines H\u00e4kelst\u00fcckes st\u00f6ren,<br \/>\nfindet in der <strong>\u201egelifteten\u201c<\/strong> Masche eine gute Alternative.<br \/>\nDieser Anfang ist auch sehr empfehlenswert,<br \/>\nwenn z.B. eine neue Farbe den Reihen- oder Rundenanfang einleitet.<br \/>\nDie Liftmasche kann f\u00fcr viele H\u00e4kelmaschen verwendet werden.<\/p>\n<hr \/>\n<p><em><span style=\"color: #3366ff;\">Those who don\u00b4t particularly like beginning-chains of a row or round,<\/span><br \/>\n<span style=\"color: #3366ff;\">because they often disturb the smooth image of a crochet fabric, <\/span><br \/>\n<span style=\"color: #3366ff;\">will find a good alternative in the &#8222;lifted&#8220; stitch.<\/span><br \/>\n<span style=\"color: #3366ff;\">This beginning is also highly recommended when, for example, <\/span><br \/>\n<span style=\"color: #3366ff;\">a new color introduces the beginning of a row or round. <\/span><br \/>\n<span style=\"color: #3366ff;\">The lifted stitch can be used for many crochet stitches.<\/span><br \/>\n<\/em><strong>PLEASE SCROLL DOWN FOR THE ENGLISH TUTORIAL !<\/strong><\/p>\n<hr \/>\n<p><span style=\"text-decoration: underline;\"><strong>Hier zeige ich Euch ein Foto-Tutorial LIFTMASCHE f\u00fcr feste Maschen (fM), halbe St\u00e4bchen (hStb.) &amp; St\u00e4bchen (Stb.)<\/strong><\/span><\/p>\n<p><img loading=\"lazy\" decoding=\"async\" class=\"alignleft\" src=\"https:\/\/www.cadooh.de\/wp-content\/uploads\/2023\/03\/Rahmen11b.jpg\" alt=\"\" width=\"500\" height=\"534\" \/><span style=\"color: #3366ff;\"><strong><u>Geliftet &#8211; fM<\/u><\/strong><\/span><br \/>\n<span style=\"color: #3366ff;\"><strong>1)<\/strong><\/span> Starte mit einer Schlaufe auf der H\u00e4kelnadel<br \/>\n<span style=\"color: #3366ff;\"><strong>2)<\/strong><\/span> Steche mit der H\u00e4kelnadel in die gew\u00e4hlte Masche (durch 2 Maschenglieder); die Schlaufe auf der Nadel liegt vorne!<br \/>\n<span style=\"color: #3366ff;\"><strong>3)<\/strong><\/span> Umschlag, Faden holen und durch die 2 auf der Nadel liegenden Schlaufen ziehen.<br \/>\n<span style=\"color: #3366ff;\"><strong>4)<\/strong> <\/span>Fertig ist Deine geliftete Anfangs-fM <span style=\"color: #3366ff;\"><strong>5)<\/strong><\/span> h\u00e4kle dann weiter \u2026<br \/>\n<strong><u><span style=\"color: #339966;\"><br \/>\nGeliftet \u2013 hStb.<br \/>\n<\/span><\/u><\/strong><strong><span style=\"color: #339966;\">6)<\/span><\/strong> Umschlag \u00a0\u2013 diesen auf die H\u00e4keladel legen und mit dem Zeigefinger fixieren, dann<br \/>\n<span style=\"color: #339966;\"><strong>7)<\/strong><\/span> in die gew\u00e4hlte Masche einstechen<br \/>\n<span style=\"color: #339966;\"><strong>8)<\/strong><\/span> Umschlag, Faden durch alle 3 auf der Nadel liegenden Schlaufen ziehen,<br \/>\nwie Du es von dem halben St\u00e4bchen gewohnt bist<br \/>\n<span style=\"color: #339966;\"><strong>9)<\/strong><\/span> Fertig ist Dein geliftetes hStb. am Anfang einer Reihe\/Runde, dann weiterh\u00e4keln \u2026<\/p>\n<p><strong><u><span style=\"color: #ff00ff;\">Geliftet \u2013 Stb.<\/span><br \/>\n<\/u><span style=\"color: #ff00ff;\">10)<\/span><\/strong> Wiederhole die Punkte 6-7 des hStb., ziehe den Faden aber wie bekannt durch \u00a02 Schlaufen, Umschlag und wieder den Faden dann letztlich durch 2 Schlaufen ziehen,<br \/>\ndamit ein St\u00e4bchen geh\u00e4kelt wird.<br \/>\n<span style=\"color: #ff00ff;\"><strong>11)<\/strong> <\/span>Fertig ist das gelifete Anfangs-Stb. <span style=\"color: #ff00ff;\"><strong>12)<\/strong><\/span> h\u00e4kle dann normal weiter<\/p>\n<hr \/>\n<p>Empfehlenswert ist die Liftmasche in Kombi z.B. mit dem <a href=\"https:\/\/www.cadooh.de\/index.php\/magisch-magic\/\" target=\"_blank\" rel=\"noopener\"><span style=\"text-decoration: underline; color: #ff0000;\"><strong>magischen Abschluss<\/strong><\/span><\/a> dann am Rundenende, so dass man einen nahtlosen und sch\u00f6nen \u00dcbergang erh\u00e4lt. Probiere es aus!<\/p>\n<p><img loading=\"lazy\" decoding=\"async\" class=\"aligncenter\" src=\"https:\/\/www.cadooh.de\/wp-content\/uploads\/2023\/02\/zierstreifen-1.png\" alt=\"\" width=\"367\" height=\"67\" \/><\/p>\n<p>&nbsp;<\/p>\n<p><strong>ENGLISH<br \/>\n<span style=\"text-decoration: underline;\">Here I show you a photo tutorial LIFTED STITCH for single crochet stitches (sc), half double crochet stitches (hdc) &amp; double crochet stitches (dc) <\/span><\/strong><span style=\"text-decoration: underline;\"><em>&#8230; lift me up<\/em><\/span><strong><br \/>\n<\/strong><\/p>\n<p><img loading=\"lazy\" decoding=\"async\" class=\"alignleft\" src=\"https:\/\/www.cadooh.de\/wp-content\/uploads\/2023\/03\/Rahmen11b.jpg\" alt=\"\" width=\"500\" height=\"534\" \/><strong><em><u><span style=\"color: #3366ff;\"><br \/>\nLifted \u2013 sc<\/span><br \/>\n<\/u><\/em><\/strong><em><span style=\"color: #3366ff;\"><strong>1)<\/strong><\/span> Start with a loop on your hook<br \/>\n<span style=\"color: #3366ff;\"><strong>2)<\/strong><\/span> Insert hook in your chosen stitch (through 2 loops). Note: the loop on hook is in front!<br \/>\n<span style=\"color: #3366ff;\"><strong>3)<\/strong><\/span> Yo, pull up a loop and pull through 2 remaining loops on hook.<br \/>\n<span style=\"color: #3366ff;\"><strong>4)<\/strong> <\/span>Well done! Your beginning lifted sc is finished <span style=\"color: #3366ff;\"><strong>5)<\/strong> <\/span>continue \u2026<\/em><\/p>\n<p><strong><em><span style=\"text-decoration: underline; color: #339966;\">Lifted \u2013 hdc<\/span><br \/>\n<\/em><\/strong><em><span style=\"color: #339966;\"><strong>6)<\/strong><\/span> Yo, fix thread\/loop with your index finger, then<br \/>\n<span style=\"color: #339966;\"><strong>7)<\/strong><\/span> insert in chosen stitch (loop on hook in front!)<br \/>\n<span style=\"color: #339966;\"><strong>8)<\/strong><\/span> Yo again, pull up a loop and pull through 3 remaining loops on hook<br \/>\nas you\u00b4re used to from half double crochet stitch<br \/>\n<span style=\"color: #339966;\"><strong>9)<\/strong><\/span> Your hdc at the beginning of a round\/row is finished, then continue crocheting \u2026<\/em><\/p>\n<p><strong><em><u><span style=\"color: #ff00ff;\">Lifted &#8211; dc<\/span><br \/>\n<\/u><\/em><\/strong><em><span style=\"color: #ff00ff;\"><strong>10)<\/strong><\/span> Repeat points 6-7 of hdc, but pull loop through 2 loops as known,<br \/>\nyo again and finally pull through 2 loops so that a dc is crocheted<br \/>\n<span style=\"color: #ff00ff;\"><strong>11)<\/strong><\/span> Your dc at the beginning is finished<br \/>\n<span style=\"color: #ff00ff;\"><strong>12)<\/strong> <\/span>continue crocheting normally<\/em><\/p>\n<hr \/>\n<p><em>The lift stitch is also recommended in combination with e.g. the <span style=\"color: #ff0000;\"><a style=\"color: #ff0000;\" href=\"https:\/\/www.cadooh.de\/index.php\/magisch-magic\/\" target=\"_blank\" rel=\"noopener\"><span style=\"text-decoration: underline;\">magic invisible join<\/span><\/a><\/span> at the end of a round, so that you get a seamless and beautiful transition.<br \/>\nGive it a try!<\/em><\/p>\n<p>&nbsp;<\/p>\n","protected":false},"excerpt":{"rendered":"<p>Wer Steigungs-Lm am Anfang einer Reihe oder Runde nicht besonders mag, da sie doch oft das glatte Bild eines&hellip;<\/p>\n","protected":false},"author":1,"featured_media":0,"parent":0,"menu_order":0,"comment_status":"closed","ping_status":"closed","template":"","meta":{"footnotes":""},"class_list":["post-3609","page","type-page","status-publish","hentry"],"_links":{"self":[{"href":"https:\/\/www.cadooh.de\/index.php\/wp-json\/wp\/v2\/pages\/3609","targetHints":{"allow":["GET"]}}],"collection":[{"href":"https:\/\/www.cadooh.de\/index.php\/wp-json\/wp\/v2\/pages"}],"about":[{"href":"https:\/\/www.cadooh.de\/index.php\/wp-json\/wp\/v2\/types\/page"}],"author":[{"embeddable":true,"href":"https:\/\/www.cadooh.de\/index.php\/wp-json\/wp\/v2\/users\/1"}],"replies":[{"embeddable":true,"href":"https:\/\/www.cadooh.de\/index.php\/wp-json\/wp\/v2\/comments?post=3609"}],"version-history":[{"count":3,"href":"https:\/\/www.cadooh.de\/index.php\/wp-json\/wp\/v2\/pages\/3609\/revisions"}],"predecessor-version":[{"id":3615,"href":"https:\/\/www.cadooh.de\/index.php\/wp-json\/wp\/v2\/pages\/3609\/revisions\/3615"}],"wp:attachment":[{"href":"https:\/\/www.cadooh.de\/index.php\/wp-json\/wp\/v2\/media?parent=3609"}],"curies":[{"name":"wp","href":"https:\/\/api.w.org\/{rel}","templated":true}]}}